e 13, what is a60 - -517?
1277
In base 9, what is 66 - -2178526?
2178603
In base 6, what is 20522510 + -123?
20522343
In base 6, what is 5404 - -41402144?
41411552
In base 7, what is -4223 - -10316?
3063
In base 3, what is -10211 - -2120010222?
2120000011
In base 3, what is -11 - -212011122121112?
212011122121101
In base 10, what is 2 + -614710?
-614708
In base 14, what is -2 - 308171?
-308173
In base 10, what is 54881 - -219?
55100
In base 3, what is 210212 + 1102002000?
1102212212
In base 6, what is -1052 - -233425?
232333
In base 8, what is 344 - 6412503?
-6412137
In base 6, what is -3 - -215300424?
215300421
In base 3, what is 12100200102002 - 20?
12100200101212
In base 9, what is -437 - -210010?
208462
In base 13, what is -373c - -27?
-3715
In base 15, what is c7 - 1adea?
-1ad23
In base 16, what is -36 + -10c741?
-10c777
In base 14, what is 198 + -9d0aa?
-9cd12
In base 4, what is 12330 - -32000301?
32013231
In base 7, what is 34600622 + 2?
34600624
In base 10, what is -14 - -129456?
129442
In base 8, what is 2 + 52255656?
52255660
In base 11, what is 1 - -64a20039?
64a2003a
In base 11, what is 17790 - 8228?
a563
In base 15, what is c942 - -eb?
ca3d
In base 8, what is 305 + -3522?
-3215
In base 11, what is -3a58 - -165a1?
12644
In base 6, what is -1112500005 - 2?
-1112500011
In base 14, what is -10a2b01 - 4?
-10a2b05
In base 8, what is -5771147 + 27?
-5771120
In base 7, what is -1532263 + -122?
-1532415
In base 11, what is 3772 + -3011?
761
In base 14, what is -2a3cd - -353?
-2a07a
In base 13, what is -170 + -90866?
-90a06
In base 5, what is -4 - 120344413422?
-120344413431
In base 7, what is 124612 - 35152?
56430
In base 7, what is 25 - -504303560?
504303615
In base 14, what is 12536 + 2b0?
12806
In base 15, what is -3 + 1564a64e?
1564a64b
In base 13, what is b083974 - -3?
b083977
In base 7, what is -354 + 2120211?
2116524
In base 3, what is 10201022022011 + -11?
10201022022000
In base 5, what is -13 - -13233204124?
13233204111
In base 11, what is -580412 - 12?
-580424
In base 6, what is 4 + -13401454002?
-13401453554
In base 15, what is -15b63a + 2d?
-15b60c
In base 13, what is 5 - -a7c878?
a7c880
In base 3, what is -110010220 - -120110220?
10100000
In base 9, what is 20 - -5147725?
5147745
In base 6, what is -1 + 2313210330?
2313210325
In base 6, what is 5 + -24345315?
-24345310
In base 5, what is -1 + -1411313432?
-1411313433
In base 12, what is 48232954 + 1?
48232955
In base 2, what is 110110100011 - 1001101111011011?
-1000111000111000
In base 7, what is 40516046 - 1?
40516045
In base 4, what is 110 - 10112310010?
-10112303300
In base 16, what is -255 - -22ca?
2075
In base 6, what is -3003021 - -11?
-3003010
In base 7, what is 1234330451 + -2?
1234330446
In base 14, what is 10242 + -b4?
1016c
In base 15, what is 141d3cdb + 0?
141d3cdb
In base 2, what is 1010000100100 - -11100100010?
1101101000110
In base 11, what is -2a0210626 + 4?
-2a0210622
In base 2, what is -10101111111111100 - -110010011?
-10101111001101001
In base 8, what is 1200300 - -1247?
1201547
In base 4, what is 3 - -1111333032231?
1111333032300
In base 12, what is 5121a + 5b?
51279
In base 13, what is -3b285b + -25?
-3b2883
In base 7, what is -50206 - -133624?
53415
In base 9, what is 6 - -6433336?
6433343
In base 11, what is -5 + 22630316?
22630311
In base 3, what is -11110221 + -1200?
-11112121
In base 10, what is 63961020 + -3?
63961017
In base 13, what is 6 + 408032?
408038
In base 16, what is -3e + 13b00f?
13afd1
In base 7, what is 5 - 465215334?
-465215326
In base 4, what is -3333 + 12211200?
12201201
In base 7, what is 1420655 - -665?
1421653
In base 8, what is -674553 + -57?
-674632
In base 11, what is 1016 - -a2a?
1a45
In base 15, what is 60a0 + -1683?
491c
In base 10, what is 18 - -4771146?
4771164
In base 11, what is -12492 - 177?
-12659
In base 2, what is -1101101111001100011 + -1011?
-1101101111001101110
In base 15, what is -3ae46 - -2?
-3ae44
In base 10, what is -3 + -8000056?
-8000059
In base 8, what is 377 - 63516?
-63117
In base 12, what is -5a14a + 1991?
-58379
In base 11, what is -2469929a - -1?
-24699299
In base 16, what is fdcead0 + -4?
fdceacc
In base 2, what is -1011011100100011100110 + 10?
-1011011100100011100100
In base 15, what is 2 - -2da9d16?
2da9d18
In base 13, what is -5 + 83bb9b?
83bb96
In base 9, what is -71208840 - 16?
-71208856
In base 15, what is -d - d4a98?
-d4aa6
In base 8, what is 12046 - -1155?
13223
In base 5, what is -2201323242 - 1111?
-2201324403
In base 3, what is 101120 - 2220222011211?
-2220221210021
In base 3, what is -2202212102002 + 1000?
-2202212101002
In base 12, what is -67 - 139878?
-139923
In base 4, what is -2 + 1231223133102?
1231223133100
In base 14, what is 1c45982 - -1?
1c45983
In base 6, what is -15 - -20202444?
20202425
In base 14, what is 29b35362 + -1?
29b35361
In base 11, what is 398 + 1975?
2262
In base 6, what is -132 - 2404100?
-2404232
In base 12, what is 861a + -50?
858a
In base 12, what is 7384 + a441?
15805
In base 15, what is 652 + -11c8?
-a76
In base 15, what is -3 + -188125?
-188128
In base 5, what is -4 + -2112412001?
-2112412010
In base 15, what is -14201e - -1ce?
-141d40
In base 5, what is 202203 + -3441?
143212
In base 6, what is 220444012 - -35?
220444051
In base 15, what is 3d244 - 925?
3c81e
In base 16, what is 10d3ad - 7?
10d3a6
In base 10, what is 8 + -4797?
-4789
In base 6, what is -13 - -10005105430?
10005105413
In base 2, what is -110101101010111 - -1000010?
-110101100010101
In base 9, what is -42432313 - 75?
-42432388
In base 10, what is -7069 - 99?
-7168
In base 13, what is a31 + -101?
930
In base 4, what is -1120333303 + 21?
-1120333222
In base 8, what is 41 - 76056031?
-76055770
In base 16, what is eac75a + 9?
eac763
In base 3, what is 22 + -1001000020002?
-1001000012210
In base 6, what is -5113443 + 45?
-5113354
In base 3, what is 1020001011100 - 11111?
1020000222212
In base 14, what is -32141a41 + 2?
-32141a3d
In base 16, what is 39d4bb + 2?
39d4bd
In base 9, what is 426634 + 163?
426807
In base 2, what is 1101011 - 110000001001100010?
-110000000111110111
In base 5, what is 211 - -244141?
244402
In base 8, what is 112 - -2764550?
2764662
In base 9, what is -1825 - 71183?
-73118
In base 12, what is -bab136b + 0?
-bab136b
In base 5, what is -12112241313 + -101?
-12112241414
In base 6, what is 220 + -14323?
-14103
In base 16, what is 4cae + bf0?
589e
In base 6, what is 103 + 4102014?
4102121
In base 6, what is -1453302 - 3145?
-1500451
In base 15, what is 1b3c6 + -10?
1b3b6
In base 6, what is -2201500 - 10013?
-2211513
In base 5, what is 314420400 + 3?
314420403
In base 8, what is 5 - 12046505?
-12046500
In base 11, what is -5 + -1051a17?
-1051a21
In base 4, what is -133112022303 - -10?
-133112022233
In base 12, what is 2ab66b + -3?
2ab668
In base 5, what is -1014 + 121144332?
121143313
In base 2, what is -11011011010111 - 1001001010?
-11100100100001
In base 4, what is 2 - -130311021133?
130311021201
In base 16, what is 3b5 + 1ee9?
229e
In base 8, what is -20370171 + -3?
-20370174
In base 8, what is 1172 - 51361?
-50167
In base 9, what is -5444 - 42331?
-47775
In base 14, what is 2b23139 - 3?
2b23136
In base 3, what is 21011221022 + 2201?
21012001000
In base 5, what is -133 - -12430404?
12430221
In base 10, what is -36 - 50365279?
-50365315
In base 3, what is 10012 - 1001001010?
-1000220221
In base 16, what is -3fc - -8eba?
8abe
In base 11, what is 203022 - 17?
203006
In base 8, what is -2604 - 32273?
-35077
In base 7, what is 2621 - 165036?
-162115
In base 8, what is 2707503 - -62?
2707565
In base 7, what is -2310 + 413353?
411043
In base 12, what is 383673ba + -4?
383673b6
In base 15, what is a5ec - 3c?
a5b0
In base 2, what is 1001101001011011010010001 + 11?
1001101001011011010010100
In base 2, what is -101110100000101111111111 + -101?
-101110100000110000000100
In base 2, what is 100010001011110100 + 110101111?
100010010010100011
In base 14, what is 110b05 + -bb?
110a28
In base 3, what is 2 + 120010201110221?
120010201111000
In base 14, what is -182345a + -4?
-1823460
In base 4, what is 11303200032210 - 3?
11303200032201
In base 13, what is 44729 + 48?
44774
In base 10, what is -156639 - -31?
-156608
In base 4, what is -1213131 - 2133?
-1221330
In base 9, what is -8041350 - -2?